{"id":772,"date":"2025-05-02T20:43:06","date_gmt":"2025-05-02T20:43:06","guid":{"rendered":"https:\/\/fogtunderajandek.hu\/?post_type=product&#038;p=772"},"modified":"2025-07-17T11:22:57","modified_gmt":"2025-07-17T11:22:57","slug":"fogtunder-erme-szines","status":"publish","type":"product","link":"https:\/\/fogtunderajandek.hu\/index.php\/termek\/fogtunder-erme-szines\/","title":{"rendered":"Fogt\u00fcnd\u00e9r \u00e9rme sz\u00ednes"},"content":{"rendered":"<p>Tedd var\u00e1zslatoss\u00e1 a tejfogak b\u00facs\u00faztat\u00e1s\u00e1t ezzel a cuki <strong>Fogt\u00fcnd\u00e9r Eml\u00e9k\u00e9rm\u00e9vel<\/strong>!<br \/>Amikor kihullik a kicsi els\u0151 vagy sokadik foga, ez a kedves kis \u00e9rme t\u00f6k\u00e9letes apr\u00f3 aj\u00e1nd\u00e9k lehet a p\u00e1rna al\u00e1. Csillog\u00f3 kivitel\u00e9vel \u00e9s b\u00e1jos mint\u00e1j\u00e1val a gyerk\u0151c garant\u00e1ltan t\u00fcnd\u00e9ri \u00e9lm\u00e9nyk\u00e9nt fog eml\u00e9kezni erre a pillanatra.<\/p>\n<p><strong>Mi\u00e9rt fogod im\u00e1dni?<\/strong><br \/>Aranyos \u00e9s eml\u00e9kezetes meglepet\u00e9s a fogt\u00fcnd\u00e9rt\u0151l<br \/>Sz\u00e9p, d\u00edszes kidolgoz\u00e1s\u00fa f\u00e9m \u00e9rme<br \/>Apr\u00f3 kincs, amit a gyerekek eltehetnek eml\u00e9kbe<br \/>P\u00e1rna al\u00e1, kis dobozba vagy fogt\u00fcnd\u00e9r tasakba is t\u00f6k\u00e9letes<br \/>Ide\u00e1lis els\u0151 tejfog kihull\u00e1sakor vagy b\u00e1rmelyik tejfog-\u00fcnnepre<\/p>\n","protected":false},"excerpt":{"rendered":"<p>Tedd var\u00e1zslatoss\u00e1 a tejfogak b\u00facs\u00faztat\u00e1s\u00e1t ezzel a cuki Fogt\u00fcnd\u00e9r Eml\u00e9k\u00e9rm\u00e9vel!Amikor kihullik a kicsi els\u0151 vagy sokadik foga, ez a kedves kis \u00e9rme t\u00f6k\u00e9letes apr\u00f3 aj\u00e1nd\u00e9k lehet a p\u00e1rna al\u00e1. Csillog\u00f3 kivitel\u00e9vel \u00e9s b\u00e1jos mint\u00e1j\u00e1val a gyerk\u0151c garant\u00e1ltan t\u00fcnd\u00e9ri \u00e9lm\u00e9nyk\u00e9nt fog eml\u00e9kezni erre a pillanatra. Mi\u00e9rt fogod im\u00e1dni?Aranyos \u00e9s eml\u00e9kezetes meglepet\u00e9s a fogt\u00fcnd\u00e9rt\u0151lSz\u00e9p, d\u00edszes kidolgoz\u00e1s\u00fa f\u00e9m [&hellip;]<\/p>\n","protected":false},"featured_media":583,"template":"","meta":[],"product_brand":[],"product_cat":[16],"product_tag":[],"class_list":["post-772","product","type-product","status-publish","has-post-thumbnail","product_cat-erme","first","instock","shipping-taxable","purchasable","product-type-simple"],"bundled_by":["923","932","943"],"bundle_stock_status":"instock","bundle_stock_quantity":null,"bundle_virtual":false,"bundle_layout":"","bundle_add_to_cart_form_location":"","bundle_editable_in_cart":false,"bundle_sold_individually_context":"","bundle_item_grouping":"","bundle_min_size":"","bundle_max_size":"","bundle_price":[],"bundled_items":[],"bundle_sell_ids":[],"_links":{"self":[{"href":"https:\/\/fogtunderajandek.hu\/index.php\/wp-json\/wp\/v2\/product\/772","targetHints":{"allow":["GET"]}}],"collection":[{"href":"https:\/\/fogtunderajandek.hu\/index.php\/wp-json\/wp\/v2\/product"}],"about":[{"href":"https:\/\/fogtunderajandek.hu\/index.php\/wp-json\/wp\/v2\/types\/product"}],"version-history":[{"count":4,"href":"https:\/\/fogtunderajandek.hu\/index.php\/wp-json\/wp\/v2\/product\/772\/revisions"}],"predecessor-version":[{"id":779,"href":"https:\/\/fogtunderajandek.hu\/index.php\/wp-json\/wp\/v2\/product\/772\/revisions\/779"}],"wp:featuredmedia":[{"embeddable":true,"href":"https:\/\/fogtunderajandek.hu\/index.php\/wp-json\/wp\/v2\/media\/583"}],"wp:attachment":[{"href":"https:\/\/fogtunderajandek.hu\/index.php\/wp-json\/wp\/v2\/media?parent=772"}],"wp:term":[{"taxonomy":"product_brand","embeddable":true,"href":"https:\/\/fogtunderajandek.hu\/index.php\/wp-json\/wp\/v2\/product_brand?post=772"},{"taxonomy":"product_cat","embeddable":true,"href":"https:\/\/fogtunderajandek.hu\/index.php\/wp-json\/wp\/v2\/product_cat?post=772"},{"taxonomy":"product_tag","embeddable":true,"href":"https:\/\/fogtunderajandek.hu\/index.php\/wp-json\/wp\/v2\/product_tag?post=772"}],"curies":[{"name":"wp","href":"https:\/\/api.w.org\/{rel}","templated":true}]}}

Fogtündér érme színes

<p>Tedd varázslatossá a tejfogak búcsúztatását ezzel a cuki <strong>Fogtündér Emlékérmével</strong>!<br />Amikor kihullik a kicsi első vagy sokadik foga, ez a kedves kis érme tökéletes apró ajándék lehet a párna alá. Csillogó kivitelével és bájos mintájával a gyerkőc garantáltan tündéri élményként fog emlékezni erre a pillanatra.</p>
<p><strong>Miért fogod imádni?</strong><br />Aranyos és emlékezetes meglepetés a fogtündértől<br />Szép, díszes kidolgozású fém érme<br />Apró kincs, amit a gyerekek eltehetnek emlékbe<br />Párna alá, kis dobozba vagy fogtündér tasakba is tökéletes<br />Ideális első tejfog kihullásakor vagy bármelyik tejfog-ünnepre</p>

<p>Tedd varázslatossá a tejfogak búcsúztatását ezzel a cuki Fogtündér Emlékérmével!Amikor kihullik a kicsi első vagy sokadik foga, ez a kedves kis érme tökéletes apró ajándék lehet a párna alá. Csillogó kivitelével és bájos mintájával a gyerkőc garantáltan tündéri élményként fog emlékezni erre a pillanatra. Miért fogod imádni?Aranyos és emlékezetes meglepetés a fogtündértőlSzép, díszes kidolgozású fém [&hellip;]</p>
