{"id":685,"date":"2025-04-17T20:22:46","date_gmt":"2025-04-17T20:22:46","guid":{"rendered":"https:\/\/fogtunderajandek.hu\/?post_type=product&#038;p=685"},"modified":"2025-08-31T15:35:25","modified_gmt":"2025-08-31T15:35:25","slug":"tunderes-nyaklanc-kristalyos-szarnyakkal","status":"publish","type":"product","link":"https:\/\/fogtunderajandek.hu\/index.php\/termek\/tunderes-nyaklanc-kristalyos-szarnyakkal\/","title":{"rendered":"T\u00fcnd\u00e9res nyakl\u00e1nc krist\u00e1lyos sz\u00e1rnyakkal, arany sz\u00edn\u0171"},"content":{"rendered":"","protected":false},"excerpt":{"rendered":"<p>Var\u00e1zslatos megjelen\u00e9s\u0171 nyakl\u00e1nc, melyet egy gy\u00f6ny\u00f6r\u0171, apr\u00f3l\u00e9kosan kidolgozott t\u00fcnd\u00e9r med\u00e1l d\u00edsz\u00edt. A t\u00fcnd\u00e9r sz\u00e1rnyait ragyog\u00f3, apr\u00f3 krist\u00e1lyok d\u00edsz\u00edtik, melyek csillog\u00e1sa m\u00e9g elb\u0171v\u00f6l\u0151bb\u00e9 teszi ezt az egyedi \u00e9kszert. A l\u00e1nc finom, m\u00e9gis tart\u00f3s kialak\u00edt\u00e1s\u00fa, t\u00f6k\u00e9letes v\u00e1laszt\u00e1s lehet mindennapi viseletre vagy k\u00fcl\u00f6nleges alkalmakra.<\/p>\n<p>Ez a mes\u00e9s darab h\u00e1rom eleg\u00e1ns sz\u00ednv\u00e1ltozatban \u00e9rhet\u0151 el:<\/p>\n<p><strong>Ez\u00fcst<\/strong> \u2013 modern \u00e9s letisztult st\u00edlus kedvel\u0151inek<br \/><strong>Arany<\/strong> \u2013 klasszikus, id\u0151tlen elegancia<br \/><strong>R\u00f3zsa arany<\/strong> \u2013 romantikus, n\u0151ies megjelen\u00e9shez<\/p>\n<p><strong>T\u00f6k\u00e9letes aj\u00e1nd\u00e9k<\/strong> lehet szeretteidnek, vagy ak\u00e1r saj\u00e1t magadnak is, ha szeretn\u00e9l egy kis var\u00e1zslatot csemp\u00e9szni a mindennapokba.<\/p>\n","protected":false},"featured_media":686,"template":"","meta":[],"product_brand":[],"product_cat":[19],"product_tag":[21],"class_list":["post-685","product","type-product","status-publish","has-post-thumbnail","product_cat-nyaklanc-es-medal","product_tag-fogtunder-nyaklanc","first","instock","shipping-taxable","purchasable","product-type-simple"],"bundled_by":["923"],"bundle_stock_status":"instock","bundle_stock_quantity":null,"bundle_virtual":false,"bundle_layout":"","bundle_add_to_cart_form_location":"","bundle_editable_in_cart":false,"bundle_sold_individually_context":"","bundle_item_grouping":"","bundle_min_size":"","bundle_max_size":"","bundle_price":[],"bundled_items":[],"bundle_sell_ids":[],"_links":{"self":[{"href":"https:\/\/fogtunderajandek.hu\/index.php\/wp-json\/wp\/v2\/product\/685","targetHints":{"allow":["GET"]}}],"collection":[{"href":"https:\/\/fogtunderajandek.hu\/index.php\/wp-json\/wp\/v2\/product"}],"about":[{"href":"https:\/\/fogtunderajandek.hu\/index.php\/wp-json\/wp\/v2\/types\/product"}],"version-history":[{"count":3,"href":"https:\/\/fogtunderajandek.hu\/index.php\/wp-json\/wp\/v2\/product\/685\/revisions"}],"predecessor-version":[{"id":835,"href":"https:\/\/fogtunderajandek.hu\/index.php\/wp-json\/wp\/v2\/product\/685\/revisions\/835"}],"wp:featuredmedia":[{"embeddable":true,"href":"https:\/\/fogtunderajandek.hu\/index.php\/wp-json\/wp\/v2\/media\/686"}],"wp:attachment":[{"href":"https:\/\/fogtunderajandek.hu\/index.php\/wp-json\/wp\/v2\/media?parent=685"}],"wp:term":[{"taxonomy":"product_brand","embeddable":true,"href":"https:\/\/fogtunderajandek.hu\/index.php\/wp-json\/wp\/v2\/product_brand?post=685"},{"taxonomy":"product_cat","embeddable":true,"href":"https:\/\/fogtunderajandek.hu\/index.php\/wp-json\/wp\/v2\/product_cat?post=685"},{"taxonomy":"product_tag","embeddable":true,"href":"https:\/\/fogtunderajandek.hu\/index.php\/wp-json\/wp\/v2\/product_tag?post=685"}],"curies":[{"name":"wp","href":"https:\/\/api.w.org\/{rel}","templated":true}]}}

Tündéres nyaklánc kristályos szárnyakkal, arany színű

<p>Varázslatos megjelenésű nyaklánc, melyet egy gyönyörű, aprólékosan kidolgozott tündér medál díszít. A tündér szárnyait ragyogó, apró kristályok díszítik, melyek csillogása még elbűvölőbbé teszi ezt az egyedi ékszert. A lánc finom, mégis tartós kialakítású, tökéletes választás lehet mindennapi viseletre vagy különleges alkalmakra.</p>
<p>Ez a mesés darab három elegáns színváltozatban érhető el:</p>
<p><strong>Ezüst</strong> – modern és letisztult stílus kedvelőinek<br /><strong>Arany</strong> – klasszikus, időtlen elegancia<br /><strong>Rózsa arany</strong> – romantikus, nőies megjelenéshez</p>
<p><strong>Tökéletes ajándék</strong> lehet szeretteidnek, vagy akár saját magadnak is, ha szeretnél egy kis varázslatot csempészni a mindennapokba.</p>
